{"id":534,"date":"2025-09-03T23:13:56","date_gmt":"2025-09-03T23:13:56","guid":{"rendered":"https:\/\/www.terraelectronicfestival.com\/?page_id=534"},"modified":"2025-09-04T09:53:23","modified_gmt":"2025-09-04T09:53:23","slug":"store","status":"publish","type":"page","link":"https:\/\/www.terraelectronicfestival.com\/?page_id=534","title":{"rendered":"Store"},"content":{"rendered":"\t\t<div data-elementor-type=\"wp-page\" data-elementor-id=\"534\" class=\"elementor elementor-534\">\n\t\t\t\t<div class=\"elementor-element elementor-element-9287a80 e-flex e-con-boxed e-con e-parent\" data-id=\"9287a80\" data-element_type=\"container\">\n\t\t\t\t\t<div class=\"e-con-inner\">\n\t\t\t\t<div class=\"elementor-element elementor-element-0b2c42e elementor-widget elementor-widget-image\" data-id=\"0b2c42e\" data-element_type=\"widget\" data-widget_type=\"image.default\">\n\t\t\t\t\t\t\t\t\t\t\t\t\t\t\t<img fetchpriority=\"high\" decoding=\"async\" width=\"1024\" height=\"376\" src=\"https:\/\/www.terraelectronicfestival.com\/wp-content\/uploads\/2025\/09\/banner-shop-1024x376.webp\" class=\"attachment-large size-large wp-image-536\" alt=\"\" srcset=\"https:\/\/www.terraelectronicfestival.com\/wp-content\/uploads\/2025\/09\/banner-shop-1024x376.webp 1024w, https:\/\/www.terraelectronicfestival.com\/wp-content\/uploads\/2025\/09\/banner-shop-300x110.webp 300w, https:\/\/www.terraelectronicfestival.com\/wp-content\/uploads\/2025\/09\/banner-shop-768x282.jpg 768w, https:\/\/www.terraelectronicfestival.com\/wp-content\/uploads\/2025\/09\/banner-shop-1536x564.jpg 1536w, https:\/\/www.terraelectronicfestival.com\/wp-content\/uploads\/2025\/09\/banner-shop-2048x752.jpg 2048w, https:\/\/www.terraelectronicfestival.com\/wp-content\/uploads\/2025\/09\/banner-shop-scaled.webp 1920w\" sizes=\"(max-width: 1024px) 100vw, 1024px\" \/>\t\t\t\t\t\t\t\t\t\t\t\t\t\t\t<\/div>\n\t\t\t\t\t<\/div>\n\t\t\t\t<\/div>\n\t\t<div class=\"elementor-element elementor-element-44cad2f e-grid e-con-boxed e-con e-parent\" data-id=\"44cad2f\" data-element_type=\"container\">\n\t\t\t\t\t<div class=\"e-con-inner\">\n\t\t\t\t<div class=\"elementor-element elementor-element-e4b1006 elementor-widget elementor-widget-image\" data-id=\"e4b1006\" data-element_type=\"widget\" data-widget_type=\"image.default\">\n\t\t\t\t\t\t\t\t\t\t\t\t\t\t\t<img decoding=\"async\" width=\"1024\" height=\"960\" src=\"https:\/\/www.terraelectronicfestival.com\/wp-content\/uploads\/2025\/09\/T-Shirt-Terra-black-1024x960.jpg\" class=\"attachment-large size-large wp-image-537\" alt=\"\" srcset=\"https:\/\/www.terraelectronicfestival.com\/wp-content\/uploads\/2025\/09\/T-Shirt-Terra-black-1024x960.jpg 1024w, https:\/\/www.terraelectronicfestival.com\/wp-content\/uploads\/2025\/09\/T-Shirt-Terra-black-300x281.jpg 300w, https:\/\/www.terraelectronicfestival.com\/wp-content\/uploads\/2025\/09\/T-Shirt-Terra-black-768x720.jpg 768w, https:\/\/www.terraelectronicfestival.com\/wp-content\/uploads\/2025\/09\/T-Shirt-Terra-black-1536x1440.jpg 1536w, https:\/\/www.terraelectronicfestival.com\/wp-content\/uploads\/2025\/09\/T-Shirt-Terra-black-2048x1920.jpg 2048w\" sizes=\"(max-width: 1024px) 100vw, 1024px\" \/>\t\t\t\t\t\t\t\t\t\t\t\t\t\t\t<\/div>\n\t\t<div class=\"elementor-element elementor-element-12d6851 e-grid e-con-full e-con e-child\" data-id=\"12d6851\" data-element_type=\"container\" data-settings=\"{&quot;background_background&quot;:&quot;classic&quot;}\">\n\t\t\t\t<div class=\"elementor-element elementor-element-ea17735 elementor-view-framed elementor-shape-rounded elementor-widget elementor-widget-icon\" data-id=\"ea17735\" data-element_type=\"widget\" data-widget_type=\"icon.default\">\n\t\t\t\t\t\t\t<div class=\"elementor-icon-wrapper\">\n\t\t\t<div class=\"elementor-icon\">\n\t\t\t<svg xmlns=\"http:\/\/www.w3.org\/2000\/svg\" id=\"Capa_1\" data-name=\"Capa 1\" viewBox=\"0 0 536.85 174.37\"><g><path d=\"M97.25,0v12.97h-42.14v116.72h-12.97V12.97H0V0h97.26-.01Z\"><\/path><path d=\"M207.15,12.97h-84.29v45.39h68.08v12.97h-68.08v45.39h84.29v12.97h-97.26V0h97.26v12.97Z\"><\/path><path d=\"M236.25,85.1c-3.4-3.03-6.32-6.45-8.75-10.3-2.43-3.83-4.32-7.97-5.68-12.4-1.36-4.43-2.03-9.02-2.03-13.77,0-6.69,1.27-13.03,3.82-18.96,2.53-5.93,5.99-11.11,10.36-15.47,4.38-4.38,9.54-7.84,15.49-10.37,5.95-2.53,12.31-3.82,19.12-3.82h48.47v129.68h-12.97V12.97h-35.66c-4.96,0-9.61.92-13.94,2.76s-8.11,4.38-11.34,7.62c-3.23,3.23-5.78,7.02-7.62,11.34s-2.76,8.97-2.76,13.94c0,3.79.54,7.41,1.62,10.87s2.62,6.65,4.62,9.57,4.4,5.46,7.21,7.62,5.89,3.89,9.24,5.19c1.94.76,3.97,1.36,6.08,1.79,2.1.43,4.29.6,6.56.49h1.62l-33.55,45.55h-16.4l27.73-37.12c-4.1-1.94-7.86-4.43-11.27-7.45v-.03Z\"><\/path><path d=\"M399.23,92.57l27.73,37.12h-16.37l-33.55-45.55h1.62c2.27.1,4.46-.06,6.56-.49s4.13-1.03,6.08-1.79c3.35-1.3,6.42-3.03,9.24-5.19,2.8-2.16,5.22-4.7,7.21-7.62s3.53-6.11,4.62-9.57c1.07-3.46,1.62-7.08,1.62-10.87s-.92-9.61-2.76-13.94-4.38-8.11-7.62-11.34c-3.23-3.23-7.02-5.78-11.34-7.62s-8.97-2.76-13.94-2.76h-35.66v116.72h-12.97V0h48.47c6.81,0,13.18,1.27,19.12,3.82,5.95,2.53,11.11,5.99,15.49,10.37s7.84,9.54,10.37,15.49,3.82,12.27,3.82,18.96-.67,9.35-2.03,13.77-3.23,8.57-5.68,12.4c-2.43,3.83-5.35,7.27-8.75,10.3-3.4,3.03-7.15,5.52-11.27,7.45h-.04Z\"><\/path><path d=\"M488.22,0l-48.62,129.68h13.94c1.73-4.65,3.62-9.72,5.68-15.23,2.06-5.52,4.22-11.24,6.48-17.19l4.86-13.13c1.83-4.86,3.62-9.61,5.35-14.27,1.73-4.65,3.35-9.02,4.86-13.13,1.51-4.1,2.92-7.86,4.22-11.27,1.3-3.4,2.37-6.25,3.23-8.51.86,2.38,1.94,5.26,3.23,8.68,1.3,3.4,2.73,7.15,4.29,11.27s3.22,8.45,4.95,13.04c1.73,4.59,3.52,9.32,5.35,14.19l4.7,13.13c2.27,6.05,4.43,11.84,6.48,17.35s3.95,10.54,5.68,15.07h13.94L488.22,0h0Z\"><\/path><\/g><g><path d=\"M82.61,167.29h-5.66v5.26h6.32v1.58h-8.2v-14.58h7.87v1.58h-5.99v4.61h5.66v1.55Z\"><\/path><path d=\"M95.44,159.56h1.88v13h6.23v1.58h-8.11v-14.58h0Z\"><\/path><path d=\"M122.92,167.29h-5.66v5.26h6.32v1.58h-8.2v-14.58h7.87v1.58h-5.99v4.61h5.66v1.55Z\"><\/path><path d=\"M145.93,173.66c-.69.34-2.07.69-3.85.69-4.11,0-7.2-2.59-7.2-7.38s3.09-7.66,7.62-7.66,2.97.39,3.46.66l-.45,1.54c-.72-.34-1.73-.61-2.94-.61-3.41,0-5.69,2.19-5.69,6.01s2.06,5.86,5.6,5.86,2.31-.24,3.07-.61l.39,1.49v.03Z\"><\/path><path d=\"M161.39,161.15h-4.43v-1.59h10.79v1.59h-4.46v12.97h-1.91v-12.97Z\"><\/path><path d=\"M179.1,159.75c.95-.19,2.31-.3,3.61-.3,2.01,0,3.31.37,4.22,1.19.73.66,1.15,1.64,1.15,2.77,0,1.92-1.21,3.2-2.74,3.73v.06c1.12.39,1.79,1.43,2.15,2.94.48,2.03.82,3.44,1.12,3.99h-1.95c-.24-.42-.57-1.67-.97-3.49-.43-2.01-1.21-2.77-2.92-2.83h-1.77v6.32h-1.88v-14.38ZM180.98,166.38h1.92c2.01,0,3.29-1.1,3.29-2.77s-1.36-2.7-3.35-2.73c-.91,0-1.55.09-1.86.18v5.32h0Z\"><\/path><path d=\"M212.98,166.7c0,5.02-3.06,7.68-6.77,7.68s-6.56-2.98-6.56-7.39,2.88-7.66,6.77-7.66,6.56,3.06,6.56,7.38ZM201.68,166.93c0,3.12,1.68,5.9,4.65,5.9s4.67-2.74,4.67-6.05-1.52-5.92-4.65-5.92-4.67,2.88-4.67,6.08h0Z\"><\/path><path d=\"M225.16,174.13v-14.58h2.06l4.67,7.38c1.09,1.71,1.92,3.25,2.62,4.74h.04c-.18-1.97-.22-3.74-.22-6.01v-6.1h1.77v14.58h-1.91l-4.62-7.39c-1.01-1.62-1.98-3.28-2.73-4.86h-.06c.1,1.86.15,3.61.15,6.04v6.23h-1.77v-.03Z\"><\/path><path d=\"M251.01,159.56v14.58h-1.88v-14.58h1.88Z\"><\/path><path d=\"M274.2,173.66c-.69.34-2.07.69-3.85.69-4.11,0-7.2-2.59-7.2-7.38s3.09-7.66,7.62-7.66,2.97.39,3.46.66l-.45,1.54c-.72-.34-1.73-.61-2.94-.61-3.41,0-5.69,2.19-5.69,6.01s2.06,5.86,5.6,5.86,2.31-.24,3.07-.61l.39,1.49v.03Z\"><\/path><path d=\"M314.92,159.56h7.86v1.58h-5.96v4.84h5.52v1.55h-5.52v6.59h-1.88v-14.58h-.01Z\"><\/path><path d=\"M342.72,167.29h-5.66v5.26h6.32v1.58h-8.2v-14.58h7.87v1.58h-5.99v4.61h5.66v1.55Z\"><\/path><path d=\"M355.29,171.84c.85.52,2.07.95,3.37.95,1.92,0,3.06-1.01,3.06-2.49s-.78-2.15-2.74-2.89c-2.38-.85-3.85-2.07-3.85-4.13s1.88-3.95,4.71-3.95,2.58.34,3.22.72l-.52,1.54c-.48-.25-1.45-.69-2.77-.69-1.98,0-2.74,1.19-2.74,2.19s.88,2.03,2.89,2.82c2.46.95,3.73,2.15,3.73,4.28s-1.67,4.19-5.1,4.19-2.94-.42-3.73-.92l.48-1.58v-.03Z\"><\/path><path d=\"M378.71,161.15h-4.43v-1.59h10.79v1.59h-4.46v12.97h-1.91v-12.97h0Z\"><\/path><path d=\"M398.31,159.56v14.58h-1.88v-14.58h1.88Z\"><\/path><path d=\"M414.53,174.13l-4.76-14.58h2.03l2.27,7.18c.63,1.97,1.16,3.74,1.55,5.46h.04c.42-1.68,1.01-3.52,1.67-5.43l2.46-7.2h2.01l-5.22,14.58h-2.07.01Z\"><\/path><path d=\"M434.25,169.54l-1.52,4.59h-1.95l4.95-14.58h2.27l4.98,14.58h-2.01l-1.55-4.59h-5.17.01ZM439.02,168.08l-1.43-4.19c-.33-.95-.54-1.82-.76-2.65h-.04c-.22.86-.45,1.76-.73,2.64l-1.43,4.22h4.4Z\"><\/path><path d=\"M454.85,159.56h1.88v13h6.23v1.58h-8.11v-14.58Z\"><\/path><\/g><\/svg>\t\t\t<\/div>\n\t\t<\/div>\n\t\t\t\t\t\t<\/div>\n\t\t\t\t<div class=\"elementor-element elementor-element-4442145 elementor-widget elementor-widget-text-editor\" data-id=\"4442145\" data-element_type=\"widget\" data-widget_type=\"text-editor.default\">\n\t\t\t\t\t\t\t\t\t<h4><span style=\"color: #000000;\"><strong>CAMISETA CORONA<\/strong><\/span><\/h4><ul><li>Material: Algod\u00f3n 100%<\/li><li>Letras bordadas en la parte delantera y trasera.<\/li><li>Ilustraci\u00f3n trasera impresa.<\/li><li>Dise\u00f1o OVERSIZE<\/li><li>Colores disponibles: Negro<\/li><\/ul>\t\t\t\t\t\t\t\t<\/div>\n\t\t\t\t<div class=\"elementor-element elementor-element-ccbd1d2 elementor-widget elementor-widget-text-editor\" data-id=\"ccbd1d2\" data-element_type=\"widget\" data-widget_type=\"text-editor.default\">\n\t\t\t\t\t\t\t\t\t<h6><span style=\"color: #000000;\">TALLAS<\/span><\/h6><h3><span style=\"color: #808080;\">M &#8211; L &#8211; XL<\/span><\/h3>\t\t\t\t\t\t\t\t<\/div>\n\t\t\t\t<div class=\"elementor-element elementor-element-00cfca6 elementor-widget elementor-widget-text-editor\" data-id=\"00cfca6\" data-element_type=\"widget\" data-widget_type=\"text-editor.default\">\n\t\t\t\t\t\t\t\t\t<h6><span style=\"color: #000000;\">ENVIAR DM PARA DISPONIBILIDAD Y PEDIDOS<\/span><\/h6>\t\t\t\t\t\t\t\t<\/div>\n\t\t\t\t<\/div>\n\t\t\t\t<div class=\"elementor-element elementor-element-31041f8 elementor-widget elementor-widget-image\" data-id=\"31041f8\" data-element_type=\"widget\" data-widget_type=\"image.default\">\n\t\t\t\t\t\t\t\t\t\t\t\t\t\t\t<img decoding=\"async\" width=\"1200\" height=\"1125\" src=\"https:\/\/www.terraelectronicfestival.com\/wp-content\/uploads\/2025\/09\/T-Shirt-Terra-black-M.jpg\" class=\"attachment-full size-full wp-image-538\" alt=\"\" srcset=\"https:\/\/www.terraelectronicfestival.com\/wp-content\/uploads\/2025\/09\/T-Shirt-Terra-black-M.jpg 1200w, https:\/\/www.terraelectronicfestival.com\/wp-content\/uploads\/2025\/09\/T-Shirt-Terra-black-M-300x281.jpg 300w, https:\/\/www.terraelectronicfestival.com\/wp-content\/uploads\/2025\/09\/T-Shirt-Terra-black-M-1024x960.jpg 1024w, https:\/\/www.terraelectronicfestival.com\/wp-content\/uploads\/2025\/09\/T-Shirt-Terra-black-M-768x720.jpg 768w\" sizes=\"(max-width: 1200px) 100vw, 1200px\" \/>\t\t\t\t\t\t\t\t\t\t\t\t\t\t\t<\/div>\n\t\t\t\t<div class=\"elementor-element elementor-element-6889f11 elementor-widget elementor-widget-image\" data-id=\"6889f11\" data-element_type=\"widget\" data-widget_type=\"image.default\">\n\t\t\t\t\t\t\t\t\t\t\t\t\t\t\t<img loading=\"lazy\" decoding=\"async\" width=\"1024\" height=\"960\" src=\"https:\/\/www.terraelectronicfestival.com\/wp-content\/uploads\/2025\/09\/T-Shirt-Terra-front-M-1024x960.jpg\" class=\"attachment-large size-large wp-image-539\" alt=\"\" srcset=\"https:\/\/www.terraelectronicfestival.com\/wp-content\/uploads\/2025\/09\/T-Shirt-Terra-front-M-1024x960.jpg 1024w, https:\/\/www.terraelectronicfestival.com\/wp-content\/uploads\/2025\/09\/T-Shirt-Terra-front-M-300x281.jpg 300w, https:\/\/www.terraelectronicfestival.com\/wp-content\/uploads\/2025\/09\/T-Shirt-Terra-front-M-768x720.jpg 768w, https:\/\/www.terraelectronicfestival.com\/wp-content\/uploads\/2025\/09\/T-Shirt-Terra-front-M-1536x1440.jpg 1536w, https:\/\/www.terraelectronicfestival.com\/wp-content\/uploads\/2025\/09\/T-Shirt-Terra-front-M-2048x1920.jpg 2048w\" sizes=\"(max-width: 1024px) 100vw, 1024px\" \/>\t\t\t\t\t\t\t\t\t\t\t\t\t\t\t<\/div>\n\t\t\t\t\t<\/div>\n\t\t\t\t<\/div>\n\t\t\t\t<\/div>\n\t\t","protected":false},"excerpt":{"rendered":"<p>CAMISETA CORONA Material: Algod\u00f3n 100% Letras bordadas en la parte delantera y trasera. Ilustraci\u00f3n trasera impresa. Dise\u00f1o OVERSIZE Colores disponibles: [&hellip;]<\/p>\n","protected":false},"author":1,"featured_media":0,"parent":0,"menu_order":0,"comment_status":"closed","ping_status":"closed","template":"","meta":{"site-sidebar-layout":"no-sidebar","site-content-layout":"","ast-site-content-layout":"full-width-container","site-content-style":"default","site-sidebar-style":"default","ast-global-header-display":"","ast-banner-title-visibility":"","ast-main-header-display":"","ast-hfb-above-header-display":"","ast-hfb-below-header-display":"","ast-hfb-mobile-header-display":"","site-post-title":"disabled","ast-breadcrumbs-content":"","ast-featured-img":"disabled","footer-sml-layout":"","theme-transparent-header-meta":"","adv-header-id-meta":"","stick-header-meta":"","header-above-stick-meta":"","header-main-stick-meta":"","header-below-stick-meta":"","astra-migrate-meta-layouts":"default","ast-page-background-enabled":"default","ast-page-background-meta":{"desktop":{"background-color":"var(--ast-global-color-5)","background-image":"","background-repeat":"repeat","background-position":"center center","background-size":"auto","background-attachment":"scroll","background-type":"","background-media":"","overlay-type":"","overlay-color":"","overlay-opacity":"","overlay-gradient":""},"tablet":{"background-color":"","background-image":"","background-repeat":"repeat","background-position":"center center","background-size":"auto","background-attachment":"scroll","background-type":"","background-media":"","overlay-type":"","overlay-color":"","overlay-opacity":"","overlay-gradient":""},"mobile":{"background-color":"","background-image":"","background-repeat":"repeat","background-position":"center center","background-size":"auto","background-attachment":"scroll","background-type":"","background-media":"","overlay-type":"","overlay-color":"","overlay-opacity":"","overlay-gradient":""}},"ast-content-background-meta":{"desktop":{"background-color":"var(--ast-global-color-4)","background-image":"","background-repeat":"repeat","background-position":"center center","background-size":"auto","background-attachment":"scroll","background-type":"","background-media":"","overlay-type":"","overlay-color":"","overlay-opacity":"","overlay-gradient":""},"tablet":{"background-color":"var(--ast-global-color-4)","background-image":"","background-repeat":"repeat","background-position":"center center","background-size":"auto","background-attachment":"scroll","background-type":"","background-media":"","overlay-type":"","overlay-color":"","overlay-opacity":"","overlay-gradient":""},"mobile":{"background-color":"var(--ast-global-color-4)","background-image":"","background-repeat":"repeat","background-position":"center center","background-size":"auto","background-attachment":"scroll","background-type":"","background-media":"","overlay-type":"","overlay-color":"","overlay-opacity":"","overlay-gradient":""}},"footnotes":""},"class_list":["post-534","page","type-page","status-publish","hentry"],"_links":{"self":[{"href":"https:\/\/www.terraelectronicfestival.com\/index.php?rest_route=\/wp\/v2\/pages\/534","targetHints":{"allow":["GET"]}}],"collection":[{"href":"https:\/\/www.terraelectronicfestival.com\/index.php?rest_route=\/wp\/v2\/pages"}],"about":[{"href":"https:\/\/www.terraelectronicfestival.com\/index.php?rest_route=\/wp\/v2\/types\/page"}],"author":[{"embeddable":true,"href":"https:\/\/www.terraelectronicfestival.com\/index.php?rest_route=\/wp\/v2\/users\/1"}],"replies":[{"embeddable":true,"href":"https:\/\/www.terraelectronicfestival.com\/index.php?rest_route=%2Fwp%2Fv2%2Fcomments&post=534"}],"version-history":[{"count":28,"href":"https:\/\/www.terraelectronicfestival.com\/index.php?rest_route=\/wp\/v2\/pages\/534\/revisions"}],"predecessor-version":[{"id":581,"href":"https:\/\/www.terraelectronicfestival.com\/index.php?rest_route=\/wp\/v2\/pages\/534\/revisions\/581"}],"wp:attachment":[{"href":"https:\/\/www.terraelectronicfestival.com\/index.php?rest_route=%2Fwp%2Fv2%2Fmedia&parent=534"}],"curies":[{"name":"wp","href":"https:\/\/api.w.org\/{rel}","templated":true}]}}